
In base 3, what is 22102022120 - 12?
22102022101
In base 8, what is 67 + 34?
123
In base 3, what is -1 + -200020200?
-200020201
In base 16, what is 3c7 + -18f?
238
In base 4, what is 1100311 + 102?
1101013
In base 3, what is 122010200 + -11?
122010112
In base 13, what is -1 + 2872?
2871
In base 4, what is 311 + -132101?
-131130
In base 16, what is -16 - 55a?
-570
In base 15, what is -4a + 255?
20a
In base 14, what is 2 - 39db3?
-39db1
In base 10, what is 155815 + -1?
155814
In base 12, what is -14483 + -6?
-14489
In base 14, what is 13bc5b + 3?
13bc60
In base 7, what is -1455410 + 1?
-1455406
In base 13, what is -3a535 + -2?
-3a537
In base 9, what is 1 + -605480?
-605478
In base 15, what is -1c - -442?
425
In base 16, what is -58f - -13c?
-453
In base 12, what is 6003 + -30?
5b93
In base 9, what is 4 - -3650667?
3650672
In base 14, what is -1a5 + -dcb?
-1192
In base 9, what is -2817 - 21?
-2838
In base 9, what is 4304 + 1?
4305
In base 8, what is -3 + 27272?
27267
In base 14, what is 112 - -1050?
1162
In base 10, what is 0 - 907129?
-907129
In base 5, what is 200332 + -230?
200102
In base 15, what is -11e40 + -2?
-11e42
In base 15, what is -b0 + 9?
-a6
In base 12, what is 12 + -19019?
-19007
In base 5, what is -4404 + 143344?
133440
In base 6, what is 43240033 - -2?
43240035
In base 11, what is -3980 + -10?
-3990
In base 10, what is 299133 + 3?
299136
In base 8, what is 136251 - 15?
136234
In base 14, what is 77a + -216?
564
In base 5, what is -2123444340 + 4?
-2123444331
In base 15, what is -1 + 28de?
28dd
In base 11, what is 3 + -2a15?
-2a12
In base 10, what is -2 + 162199?
162197
In base 16, what is 12 + 626c?
627e
In base 3, what is -22022121 + 1?
-22022120
In base 11, what is 5 + -2849?
-2844
In base 5, what is -334 - -20?
-314
In base 14, what is 6202 + da?
62dc
In base 8, what is 3 - 270216?
-270213
In base 15, what is 5c3 + -300?
2c3
In base 15, what is -3 + 26a5?
26a2
In base 14, what is 1146 - -2d1?
1437
In base 5, what is 31203 - -10?
31213
In base 2, what is 10001000001111010001 - -1?
10001000001111010010
In base 15, what is -37e5 + -9?
-37ee
In base 15, what is 2243 - a?
2238
In base 4, what is 3133 - -2113032?
2122231
In base 3, what is -22010122201221 - -12?
-22010122201202
In base 5, what is 103 + -1404?
-1301
In base 12, what is -3784 - -3?
-3781
In base 6, what is 4 + 105430041?
105430045
In base 3, what is -211112110 + -101?
-211112211
In base 10, what is -5 - -2473?
2468
In base 7, what is 5 - 13262?
-13254
In base 4, what is 1120 + -2111?
-331
In base 5, what is 1043 + 134301?
140344
In base 15, what is -15c + -84?
-1e1
In base 15, what is 791b + -15?
7906
In base 14, what is 132c7 - 4?
132c3
In base 9, what is -13 + 10677?
10664
In base 2, what is 10111110011100 + 10011010?
11000000110110
In base 14, what is -2a6 + -1b?
-2c3
In base 2, what is -11111011011 + -11100?
-11111110111
In base 9, what is 553 - 5?
547
In base 8, what is 5 - 12215?
-12210
In base 16, what is 297f + b?
298a
In base 8, what is -5 - 224542?
-224547
In base 6, what is -4432 + 115?
-4313
In base 13, what is -3 - -1103?
1100
In base 4, what is -131303 - -20?
-131223
In base 9, what is -150 + -655?
-815
In base 7, what is -1631 + 361?
-1240
In base 4, what is 33 - -1123021?
1123120
In base 3, what is 10211 + 10120?
21101
In base 11, what is 15 - 24242?
-24228
In base 12, what is 4 + -b1a06?
-b1a02
In base 15, what is 14e - 3?
14b
In base 13, what is 49c + -7?
495
In base 10, what is -7346 + -554?
-7900
In base 7, what is -61 - -23662?
23601
In base 14, what is -1c - 39c?
-3ba
In base 11, what is 2 - -50a3?
50a5
In base 14, what is 307d - 1?
307c
In base 7, what is -230 + -3465?
-4025
In base 9, what is -1222 + 3?
-1218
In base 13, what is 2 - -283764?
283766
In base 11, what is -43 + -61a?
-662
In base 10, what is -5 + 17039?
17034
In base 13, what is -301c + 15?
-3007
In base 3, what is 0 - -102110?
102110
In base 13, what is 43c41 - -3?
43c44
In base 8, what is -646307 - 16?
-646325
In base 11, what is -5 - -15734?
1572a
In base 5, what is 1100224 + 1201?
1101430
In base 5, what is -31 + 244221?
244140
In base 10, what is 29362 - -6?
29368
In base 14, what is -4b11 + d?
-4b02
In base 13, what is 2c8 + -12c?
199
In base 10, what is 14308 + -4?
14304
In base 10, what is 87 + 93?
180
In base 11, what is 0 + -181872?
-181872
In base 10, what is 26 + 7150?
7176
In base 6, what is -3 - -15212135?
15212132
In base 16, what is 127 - ba?
6d
In base 11, what is -84977 - -2?
-84975
In base 15, what is -839 + 152?
-6d7
In base 4, what is -2 - -1202013?
1202011
In base 8, what is 2 + -456245?
-456243
In base 2, what is 10 - -10000101110110?
10000101111000
In base 9, what is -673270 - -5?
-673264
In base 15, what is 21 + 15ae?
15d0
In base 16, what is -493 - f?
-4a2
In base 15, what is -1 + -d87d?
-d87e
In base 12, what is -227 - -1107?
aa0
In base 6, what is -35 - 25313?
-25352
In base 8, what is -10523 + 6?
-10515
In base 11, what is 84a7 - 1?
84a6
In base 13, what is -115 + -11b?
-233
In base 14, what is -4 + -222212?
-222216
In base 8, what is -315534 - 1?
-315535
In base 10, what is 318308 - -5?
318313
In base 15, what is 2611 + -c0?
2541
In base 5, what is 11 + -3341020?
-3341004
In base 2, what is 10110011010011 - 1000100?
10110010001111
In base 12, what is 19 + 36b6?
3713
In base 10, what is -1 - -1485?
1484
In base 14, what is 2 + 34a?
34c
In base 13, what is -5 - -1257?
1252
In base 12, what is -23 - -114?
b1
In base 12, what is 116a - -7?
1175
In base 15, what is -1939ed + -4?
-193a02
In base 13, what is 4232 - 0?
4232
In base 7, what is -111363 - 4?
-111400
In base 11, what is -10 - 257?
-267
In base 11, what is -107 + -154?
-260
In base 12, what is 12 + -1a537?
-1a525
In base 9, what is -155 + 8613?
8447
In base 5, what is -132 - 1343333?
-1344020
In base 14, what is -19 + -69aa1?
-69aba
In base 12, what is -4 - 1361a?
-13622
In base 10, what is 39 + -94681?
-94642
In base 4, what is -220 + 1203323?
1203103
In base 12, what is 5 - 770?
-767
In base 15, what is 4 - 2a3c0?
-2a3bb
In base 13, what is 32342 - 36?
32309
In base 9, what is 350447 + -7?
350440
In base 12, what is -306a - 4?
-3072
In base 3, what is 10 - -11001211221?
11001212001
In base 13, what is -a9 + 91c?
843
In base 7, what is -245 + 1162?
614
In base 9, what is -66463 + -2?
-66465
In base 6, what is 0 + 142542?
142542
In base 2, what is 1111 + -10000110111?
-10000101000
In base 5, what is -4 + -3041323?
-3041332
In base 16, what is 5 - -14677?
1467c
In base 4, what is 2 + -2202210?
-2202202
In base 11, what is -1a06 - -5?
-1a01
In base 13, what is -aa5 - 18?
-ac0
In base 7, what is -66 - -2556?
2460
In base 3, what is -122000 + -222?
-122222
In base 12, what is 3246a + 2?
32470
In base 5, what is -343043231 + 10?
-343043221
In base 15, what is 2 + 79ad?
79b0
In base 12, what is -126573 + -2?
-126575
In base 16, what is 1426 - 2?
1424
In base 2, what is -11 - 111010010000100?
-111010010000111
In base 11, what is -166 + 400?
245
In base 14, what is 36c903 - 5?
36c8dc
In base 4, what is 22121 - -23000?
111121
In base 5, what is -20 + -200042?
-200112
In base 7, what is 110301 + -26?
110242
In base 13, what is -2b2c3 + 1?
-2b2c2
In base 11, what is -4 - -a183?
a17a
In base 2, what is 10110 + 1010000100101101?
1010000101000011
In base 10, what is 578 + -205?
373
In base 15, what is 8b7 - 1a?
89c
In base 10, what is 1 + -8325?
-8324
In base 11, what is 13 - -9a2?
a05
In base 16, what is 1532b - -1?
1532c
In base 13, what is a + 1c7?
204
In base 11, what is -5 + 105764?
10575a
In base 13, what is -19bc + 242?
-177a
In base 6, what is -5310123 + -2?
-5310125
In base 9, what is -45 + 230?
174
In base 16, what is 948 - -1b6?
afe
In base 5, what is -4 - -322414?
322410
In base 15, what is 30b + 7ad?
ab9
In base 11, what is -5 + -15aa0?
-15aa5
In base 12, what is 262 + 40?
2a2
In base 6, what is -1521 + 32555?
31034
In base 5, what is -22111223 - -1?
-22111222
In base 8, what is 1 - -531365?
531366
In base 16, what is 2f80 - 14?
2f6c
In base 7, what is 1622 + -34?
1555
In base 7, what is 306 + -2040?
-1431
In base 2, what is -100100110010000100 - -100?
-100100110010000000
In base 2, what is -1010111 - 1011110100110000?
-1011110110000111
In base 7, what is -2250521 + -1?
-2250522
In base 2, wha